f 34782 and 552948?
66
Calculate the highest common divisor of 100 and 22537925.
25
What is the highest common divisor of 22783 and 3374?
1
What is the highest common factor of 26 and 4057209?
13
Calculate the highest common factor of 10978 and 272294.
22
What is the highest common divisor of 3683461 and 37?
37
Calculate the greatest common factor of 3839 and 39170713.
349
Calculate the greatest common divisor of 669430462 and 1016.
254
Calculate the greatest common divisor of 428930914 and 654.
218
What is the greatest common factor of 4242 and 546434?
14
Calculate the greatest common factor of 85123765 and 5.
5
Calculate the greatest common factor of 5804220 and 7860.
60
Calculate the highest common factor of 481194 and 27.
27
What is the greatest common factor of 3533334 and 798?
42
Calculate the greatest common factor of 23701512 and 456.
456
What is the greatest common divisor of 147076 and 43575?
83
What is the greatest common factor of 203 and 566062?
7
What is the highest common factor of 17913 and 743929449?
2559
Calculate the highest common divisor of 205985 and 16687954.
3169
Calculate the highest common factor of 39139518 and 22.
22
Calculate the greatest common divisor of 4386 and 9047931.
129
What is the highest common factor of 20933 and 32257061?
173
What is the greatest common factor of 2569554 and 69732?
234
Calculate the greatest common divisor of 82236714 and 4228.
2114
Calculate the greatest common factor of 40235867 and 21.
7
Calculate the highest common divisor of 2212393 and 184.
23
Calculate the highest common divisor of 39636 and 8982.
18
Calculate the highest common factor of 25970 and 23677220.
3710
Calculate the highest common factor of 37170 and 955682.
826
What is the highest common divisor of 48552 and 2653887?
867
What is the greatest common divisor of 1828 and 197852?
4
Calculate the greatest common divisor of 315040 and 11192.
8
What is the greatest common factor of 16408 and 7697403?
2051
What is the highest common divisor of 3021647 and 6887?
97
Calculate the greatest common divisor of 2432 and 83803376.
304
Calculate the greatest common factor of 12562695 and 1215.
405
Calculate the greatest common divisor of 68 and 148482148.
68
Calculate the highest common divisor of 12667808 and 3792.
1264
What is the highest common divisor of 17225212 and 1550?
62
What is the highest common factor of 166921988 and 328?
164
What is the greatest common divisor of 51 and 6719114?
17
Calculate the highest common divisor of 4318085 and 111.
37
What is the highest common factor of 140 and 8912470?
70
Calculate the highest common divisor of 3016635 and 857805.
1245
Calculate the greatest common factor of 4264 and 10585093.
41
Calculate the highest common divisor of 126 and 33325026.
42
What is the highest common divisor of 16753005 and 45?
45
Calculate the greatest common factor of 2667 and 2550681.
21
What is the greatest common factor of 348 and 19934049?
87
What is the greatest common factor of 57216 and 255237?
447
What is the greatest common factor of 48766696 and 528?
88
Calculate the greatest common divisor of 49930 and 12640.
10
What is the highest common factor of 65844 and 229746?
354
Calculate the highest common divisor of 2345140 and 980.
980
Calculate the highest common factor of 48892986 and 102.
102
Calculate the greatest common divisor of 26384400 and 2320.
80
What is the greatest common divisor of 9693 and 147123?
27
What is the greatest common factor of 145285 and 29030315?
2965
Calculate the highest common factor of 2852 and 7076432.
124
What is the highest common divisor of 929423238 and 138?
138
What is the greatest common factor of 3961 and 1343?
17
What is the highest common factor of 73490490 and 17?
17
Calculate the highest common divisor of 1587 and 899079.
3
What is the highest common factor of 34653140 and 340?
340
Calculate the highest common factor of 890647 and 3536.
17
What is the highest common factor of 991392 and 4692?
276
What is the greatest common divisor of 242 and 7402516?
22
What is the highest common divisor of 84 and 1702750?
14
What is the highest common factor of 715000 and 43780?
220
What is the highest common factor of 115539455 and 4360?
545
Calculate the highest common divisor of 10395 and 62777.
11
What is the highest common divisor of 2321366 and 27584?
862
Calculate the highest common divisor of 1961 and 36174567.
1961
What is the highest common divisor of 9248 and 1714059?
289
What is the highest common factor of 7865690 and 40?
10
Calculate the greatest common factor of 1972 and 3877462.
34
Calculate the highest common divisor of 1016 and 1461440.
8
Calculate the greatest common divisor of 2012392 and 208.
8
Calculate the greatest common divisor of 237 and 2067603.
3
What is the highest common divisor of 13050 and 8153350?
1450
Calculate the greatest common factor of 40419 and 93933.
27
Calculate the greatest common divisor of 825 and 37124175.
825
What is the greatest common divisor of 199111 and 290883070?
18101
What is the highest common divisor of 11996139 and 30834?
1713
What is the greatest common divisor of 14736 and 753?
3
Calculate the highest common factor of 946 and 10004251.
43
Calculate the highest common divisor of 18286 and 584260.
446
Calculate the highest common factor of 2750124 and 117.
39
Calculate the greatest common divisor of 27116336 and 3354.
26
Calculate the highest common factor of 599676 and 284616.
708
What is the greatest common factor of 21503040 and 31200?
6240
What is the highest common divisor of 409 and 530641099?
409
What is the greatest common factor of 2891598480 and 2160?
2160
What is the highest common factor of 81115 and 685?
5
What is the highest common factor of 81 and 17453763?
9
What is the greatest common factor of 5530451 and 74483?
353
What is the highest common divisor of 94325 and 833490?
1715
Calculate the highest common factor of 649 and 531236.
59
What is the highest common factor of 41924234 and 121?
11
Calculate the highest common divisor of 229832 and 7192.
8
What is the greatest common factor of 60 and 16851435?
15
What is the highest common factor of 68204240 and 312?
104
Calculate the highest common factor of 3430 and 25544330.
70
Calculate the highest common factor of 5246122 and 102114.
122
Calculate the greatest common factor of 376876346 and 14.
14
Calculate the highest common factor of 8393529 and 14229.
1581
Calculate the highest common divisor of 262 and 3645992.
262
Calculate the greatest common factor of 345 and 132605511.
69
Calculate the greatest common divisor of 26748 and 1219263.
2229
What is the greatest common factor of 13120608 and 193224?
2328
Calculate the greatest common divisor of 228 and 548046.
6
Calculate the greatest common divisor of 619143689 and 9316.
2329
What is the highest common divisor of 8572 and 2396?
4
Calculate the highest common divisor of 24945041 and 253.
253
Calculate the highest common divisor of 4219103 and 763.
7
Calculate the highest common factor of 9458430 and 9390.
30
What is the greatest common divisor of 9 and 183167406?
9
Calculate the greatest common factor of 1429964 and 24118.
778
Calculate the greatest common divisor of 414029 and 54397.
133
Calculate the highest common factor of 4684375 and 205363.
1499
Calculate the greatest common divisor of 239141538 and 13203.
4401
What is the greatest common factor of 1404 and 796588?
52
What is the greatest common divisor of 747063 and 899829?
1863
Calculate the greatest common divisor of 528 and 260272.
16
What is the greatest common factor of 3770806 and 78?
26
Calculate the greatest common factor of 3458 and 8653398.
494
Calculate the greatest common divisor of 28326086 and 4.
2
What is the greatest common factor of 99534 and 327398?
626
Calculate the greatest common divisor of 666932 and 588.
28
Calculate the greatest common factor of 367446 and 101943.
141
What is the greatest common divisor of 10384 and 327568?
944
Calculate the highest common divisor of 1541055 and 657105.
1065
Calculate the highest common divisor of 63 and 16167277.
7
What is the greatest common factor of 112 and 44406264?
56
What is the highest common factor of 21653848 and 48?
8
Calculate the greatest common divisor of 5738698 and 165082.
